{"id":17,"date":"2017-03-02T19:49:34","date_gmt":"2017-03-02T18:49:34","guid":{"rendered":"http:\/\/custom-chips.de\/wp\/?page_id=17"},"modified":"2023-07-17T19:09:29","modified_gmt":"2023-07-17T17:09:29","slug":"startseite","status":"publish","type":"page","link":"https:\/\/custom-chips.de\/temporary\/","title":{"rendered":"Willkommen auf den Seiten der custom-chips GmbH!"},"content":{"rendered":"<p>F\u00fcr Fragen am Besten das Kontaktformular nutzen. Telefonisch sind wir manchmal schwer zu erreichen (in dem Fall den Anrufbeantworter nutzen oder mailen).<\/p>\n<hr \/>\n<p>Seit ein paar Monaten m\u00f6glich: VAG EA888 Gen4 (z.b. Golf 8R\/ S3 und Pendants bis zu 550NM\/410PS ohne Hardware\u00e4nderung mit T\u00dcV, oder mit kleinen \u00c4nderungen bis 444PS). Seit kurzem EA888 Gen3 Verbrauchsoptimierte Versionen entwickelt (wenig mehr-Ladedruck, wenig Anfettung und ca. 40Grad k\u00fchlere Abgastemperatur und trotzdem gute Leistungswerte zwischen 350 und 390PS). Seit kurzem: Spezielle DQ200 Entwicklung mit sehr gro\u00dfem Komfort und etliche Serien-Unsch\u00f6nheiten eliminiert (Erprobungsfahrzeug vorhanden zum ggf.\u00a0 vorf\u00fchren). Mercedes 4.0L Biturbos (M276,M277,M278), auch mit diversen Laderumbauten, immer wieder regelm\u00e4\u00dfig als Komplettpaket im Tagesgesch\u00e4ft (mit Getriebe und ggf. CPC). Ein E63 z.b. wird f\u00fcr unter 9999Euro richtig schnell mit Zeiten 5.2-5.8s 100-200 bei echten 890-940PS und 1100-1150NM.<\/p>\n<p><img loading=\"lazy\" decoding=\"async\" class=\"aligncenter size-large wp-image-330\" src=\"https:\/\/custom-chips.de\/temporary\/wp-content\/uploads\/2023\/07\/startpage-1024x628.png\" alt=\"\" width=\"1024\" height=\"628\" srcset=\"https:\/\/custom-chips.de\/temporary\/wp-content\/uploads\/2023\/07\/startpage-1024x628.png 1024w, https:\/\/custom-chips.de\/temporary\/wp-content\/uploads\/2023\/07\/startpage-300x184.png 300w, https:\/\/custom-chips.de\/temporary\/wp-content\/uploads\/2023\/07\/startpage-768x471.png 768w, https:\/\/custom-chips.de\/temporary\/wp-content\/uploads\/2023\/07\/startpage-1000x613.png 1000w, https:\/\/custom-chips.de\/temporary\/wp-content\/uploads\/2023\/07\/startpage-230x141.png 230w, https:\/\/custom-chips.de\/temporary\/wp-content\/uploads\/2023\/07\/startpage-350x215.png 350w, https:\/\/custom-chips.de\/temporary\/wp-content\/uploads\/2023\/07\/startpage-480x294.png 480w, https:\/\/custom-chips.de\/temporary\/wp-content\/uploads\/2023\/07\/startpage.png 1102w\" sizes=\"auto, (max-width: 1024px) 100vw, 1024px\" \/><\/p>\n<hr \/>\n<p>Wir freuen uns auf Sie als Kunden und die Realisierung ihres <span class=\"hiddenSpellError\">Tuningsprojektes<\/span>.<\/p>\n<p><img loading=\"lazy\" decoding=\"async\" class=\"alignnone size-full wp-image-114\" src=\"https:\/\/custom-chips.de\/temporary\/wp-content\/uploads\/2017\/03\/cc_header_1140x350.png\" alt=\"\" width=\"7393\" height=\"2269\" srcset=\"https:\/\/custom-chips.de\/temporary\/wp-content\/uploads\/2017\/03\/cc_header_1140x350.png 7393w, https:\/\/custom-chips.de\/temporary\/wp-content\/uploads\/2017\/03\/cc_header_1140x350-300x92.png 300w, https:\/\/custom-chips.de\/temporary\/wp-content\/uploads\/2017\/03\/cc_header_1140x350-768x236.png 768w, https:\/\/custom-chips.de\/temporary\/wp-content\/uploads\/2017\/03\/cc_header_1140x350-1024x314.png 1024w\" sizes=\"auto, (max-width: 7393px) 100vw, 7393px\" \/><\/p>\n","protected":false},"excerpt":{"rendered":"<p>F\u00fcr Fragen am Besten das Kontaktformular nutzen. Telefonisch sind wir manchmal schwer zu erreichen (in dem Fall den Anrufbeantworter nutzen oder mailen). [&hellip;]<\/p>\n","protected":false},"author":2,"featured_media":204,"parent":0,"menu_order":0,"comment_status":"closed","ping_status":"closed","template":"","meta":{"footnotes":""},"class_list":["post-17","page","type-page","status-publish","has-post-thumbnail","hentry"],"_links":{"self":[{"href":"https:\/\/custom-chips.de\/temporary\/wp-json\/wp\/v2\/pages\/17","targetHints":{"allow":["GET"]}}],"collection":[{"href":"https:\/\/custom-chips.de\/temporary\/wp-json\/wp\/v2\/pages"}],"about":[{"href":"https:\/\/custom-chips.de\/temporary\/wp-json\/wp\/v2\/types\/page"}],"author":[{"embeddable":true,"href":"https:\/\/custom-chips.de\/temporary\/wp-json\/wp\/v2\/users\/2"}],"replies":[{"embeddable":true,"href":"https:\/\/custom-chips.de\/temporary\/wp-json\/wp\/v2\/comments?post=17"}],"version-history":[{"count":10,"href":"https:\/\/custom-chips.de\/temporary\/wp-json\/wp\/v2\/pages\/17\/revisions"}],"predecessor-version":[{"id":331,"href":"https:\/\/custom-chips.de\/temporary\/wp-json\/wp\/v2\/pages\/17\/revisions\/331"}],"wp:featuredmedia":[{"embeddable":true,"href":"https:\/\/custom-chips.de\/temporary\/wp-json\/wp\/v2\/media\/204"}],"wp:attachment":[{"href":"https:\/\/custom-chips.de\/temporary\/wp-json\/wp\/v2\/media?parent=17"}],"curies":[{"name":"wp","href":"https:\/\/api.w.org\/{rel}","templated":true}]}}